 the prime factors of 36126.
2, 3, 223
What are the prime factors of 1617098?
2, 7, 29, 569
List the prime factors of 620587.
11, 56417
List the prime factors of 274350.
2, 3, 5, 31, 59
List the prime factors of 309491.
7, 13, 19, 179
List the prime factors of 595321.
89, 6689
List the prime factors of 3008666.
2, 367, 4099
What are the prime factors of 541605?
3, 5, 36107
List the prime factors of 766044.
2, 3, 41, 173
What are the prime factors of 15201653?
19, 383, 2089
List the prime factors of 21869534.
2, 10934767
What are the prime factors of 21484334?
2, 1033, 10399
List the prime factors of 166083.
3, 23, 29, 83
List the prime factors of 1349158.
2, 101, 6679
List the prime factors of 26427145.
5, 67, 78887
List the prime factors of 33882.
2, 3, 5647
What are the prime factors of 279116?
2, 69779
List the prime factors of 4461703.
4461703
What are the prime factors of 6507762?
2, 3, 1084627
What are the prime factors of 6115428?
2, 3, 11, 15443
What are the prime factors of 7167989?
41, 174829
What are the prime factors of 14700557?
53, 79, 3511
What are the prime factors of 609656?
2, 76207
List the prime factors of 27459046.
2, 17, 47507
List the prime factors of 287909.
127, 2267
What are the prime factors of 503007?
3, 107, 1567
List the prime factors of 1348479.
3, 11, 53, 257
What are the prime factors of 24319095?
3, 5, 17, 95369
What are the prime factors of 694845?
3, 5, 5147
What are the prime factors of 1354782?
2, 3, 11, 13, 1579
What are the prime factors of 437990?
2, 5, 7, 6257
What are the prime factors of 10418264?
2, 23, 41, 1381
List the prime factors of 730539.
3, 29, 311
What are the prime factors of 4217581?
17, 31, 53, 151
What are the prime factors of 976298?
2, 488149
List the prime factors of 311722.
2, 155861
What are the prime factors of 725220?
2, 3, 5, 17, 79
List the prime factors of 7463826.
2, 3, 46073
What are the prime factors of 98786?
2, 49393
What are the prime factors of 1612047?
3, 23, 61, 383
List the prime factors of 4886523.
3, 542947
What are the prime factors of 30268656?
2, 3, 11, 97, 197
List the prime factors of 5945823.
3, 13, 89, 571
List the prime factors of 13940590.
2, 5, 29, 53, 907
List the prime factors of 9718605.
3, 5, 13, 37, 449
What are the prime factors of 726804?
2, 3, 13, 1553
List the prime factors of 5982256.
2, 7, 31, 1723
List the prime factors of 131875.
5, 211
List the prime factors of 2510168.
2, 43, 7297
What are the prime factors of 2509382?
2, 229, 5479
What are the prime factors of 16106951?
7, 37, 62189
What are the prime factors of 30669776?
2, 443, 4327
What are the prime factors of 103898?
2, 51949
List the prime factors of 2472297.
3, 824099
List the prime factors of 1056696.
2, 3, 44029
What are the prime factors of 222230?
2, 5, 71, 313
What are the prime factors of 4458663?
3, 11, 29, 1553
What are the prime factors of 1394867?
17, 82051
List the prime factors of 4205098.
2, 2102549
What are the prime factors of 1329321?
3, 7, 9043
List the prime factors of 5805983.
1579, 3677
List the prime factors of 85393.
7, 11, 1109
What are the prime factors of 84951?
3, 9439
List the prime factors of 2480023.
7, 13, 27253
What are the prime factors of 185261?
229, 809
What are the prime factors of 352777?
191, 1847
What are the prime factors of 23480277?
3, 647, 12097
List the prime factors of 49601.
193, 257
List the prime factors of 58234.
2, 11, 2647
What are the prime factors of 8613633?
3, 7, 410173
List the prime factors of 189149.
189149
List the prime factors of 781529.
7, 97, 1151
What are the prime factors of 4341126?
2, 3, 29, 61, 409
List the prime factors of 5979369.
3, 11, 181193
What are the prime factors of 5916774?
2, 3, 367, 2687
List the prime factors of 7246430.
2, 5, 724643
What are the prime factors of 649336?
2, 23, 3529
What are the prime factors of 113143?
113143
List the prime factors of 223788.
2, 3, 17, 1097
What are the prime factors of 146246?
2, 83, 881
What are the prime factors of 4539172?
2, 11, 71, 1453
What are the prime factors of 21480?
2, 3, 5, 179
What are the prime factors of 553700?
2, 5, 7, 113
List the prime factors of 4423891.
467, 9473
What are the prime factors of 7203198?
2, 3, 251, 4783
What are the prime factors of 801611?
801611
List the prime factors of 711767.
7, 101681
What are the prime factors of 99423?
3, 11047
What are the prime factors of 315301?
7, 31, 1453
List the prime factors of 567194.
2, 41, 6917
What are the prime factors of 1669991?
43, 71, 547
What are the prime factors of 269272?
2, 97, 347
List the prime factors of 23403652.
2, 5850913
List the prime factors of 219945.
3, 5, 11, 31, 43
List the prime factors of 766786.
2, 383393
What are the prime factors of 585451?
37, 15823
List the prime factors of 17587965.
3, 5, 1172531
What are the prime factors of 2180381?
7, 67, 4649
What are the prime factors of 44057?
13, 3389
List the prime factors of 4191827.
269, 15583
List the prime factors of 127968.
2, 3, 31, 43
List the prime factors of 4782730.
2, 5, 478273
What are the prime factors of 4193515?
5, 223, 3761
List the prime factors of 123665.
5, 24733
What are the prime factors of 292857?
3, 31, 47, 67
List the prime factors of 6292902.
2, 3, 7, 11, 53, 257
What are the prime factors of 1387174?
2, 389, 1783
List the prime factors of 6026971.
19, 317209
What are the prime factors of 904308?
2, 3, 179, 421
What are the prime factors of 5547341?
41, 135301
List the prime factors of 11413957.
23, 496259
What are the prime factors of 1192726?
2, 596363
List the prime factors of 1294490.
2, 5, 129449
What are the prime factors of 1762048?
2, 6883
What are the prime factors of 12913950?
2, 3, 5, 7, 251
List the prime factors of 11408457.
3, 223, 17053
What are the prime factors of 869157?
3, 32191
List the prime factors of 4217690.
2, 5, 491, 859
What are the prime factors of 27332592?
2, 3, 7, 11621
What are the prime factors of 769699?
7, 31, 3547
List the prime factors of 347979.
3, 193, 601
List the prime factors of 1396255.
5, 7, 41, 139
List the prime factors of 26964537.
3, 2591, 3469
What are the prime factors of 426274?
2, 131, 1627
What are the prime factors of 9708834?
2, 3, 1618139
What are the prime factors of 380329?
380329
List the prime factors of 233755.
5, 46751
List the prime factors of 6657008.
2, 29, 14347
What are the prime factors of 4452970?
2, 5, 445297
List the prime factors of 4231008.
2, 3, 59, 83
List the prime factors of 93819.
3, 11, 2843
List the prime factors of 150738.
2, 3, 7, 37, 97
What are the prime factors of 172900?
2, 5, 7, 13, 19
What are the prime factors of 651694?
2, 499, 653
List the prime factors of 55091.
89, 619
What are the prime factors of 260041?
443, 587
What are the prime factors of 1568550?
2, 3, 5, 10457
List the prime factors of 12831649.
383, 33503
What are the prime factors of 36031098?
2, 3, 6005183
What are the prime factors of 38187554?
2, 19093777
List the prime factors of 860953.
37, 23269
What are the prime factors of 224504?
2, 7, 19, 211
What are the prime factors of 397848?
2, 3, 11, 137
List the prime factors of 227263.
23, 41, 241
List the prime factors of 14227654.
2, 7, 157, 6473
List the prime factors of 493941.
3, 7, 43, 547
List the prime factors of 353421.
3, 107, 367
What are the prime factors of 572064?
2, 3, 59, 101
What are the prime factors of 16753972?
2, 19, 220447
What are the prime factors of 4513238?
2, 2256619
What are the prime factors of 3596110?
2, 5, 7, 41, 179
What are the prime factors of 2716634?
2, 17, 79901
What are the prime factors of 31069451?
7, 797, 5569
List the prime factors of 1763809.
29, 60821
List the prime factors of 5303864.
2, 17, 59, 661
What are the prime factors of 11186513?
13, 860501
What are the prime factors of 94774?
2, 47387
List the prime factors of 223889.
241, 929
List the prime factors of 4857211.
4857211
List the prime factors of 2109668.
2, 11, 47947
What are the prime factors of 1958719?
7, 279817
List the prime factors of 4006374.
2, 3, 47, 14207
What are the prime factors of 3429471?
3, 53, 21569
List the prime factors of 19910811.
3, 6636937
List the prime factors of 7502047.
7, 283, 541
List the prime factors of 10266719.
10266719
List the prime factors of 3093029.
1